 24*k**2 + 53*k - 25. Let n be v(26). Determine z(n).
-1
Let a(u) = u**2 + 6*u + 4. Suppose -4*q - v = 4*v - 65, 0 = -2*q - 2*v + 30. Suppose -x + t = q, -4*x - 3*t + 11 = 30. What is a(x)?
11
Let q = -297 - -273. Let b(o) = -o**3 - 23*o**2 + 21*o - 75. Let f be b(q). Let n(z) = -z**3 - 4*z**2 - 2*z + 3. Give n(f).
0
Let g(w) be the third derivative of -5*w**4/24 + 125*w**3/3 - 6*w**2 - 581*w + 1. Calculate g(48).
10
Let w(y) = -y + 8. Let i be w(14). Let r(p) be the third derivative of 0 + 0*p + 6*p**2 + 1/60*p**5 - 1/2*p**3 + 1/4*p**4. Calculate r(i).
-3
Let l(f) = -2*f + 9. Let t be 8/(-16)*((-3 - -4) + -3). Suppose -5*c + t = -29. Calculate l(c).
-3
Let g = -494 - -507. Let b(s) = 18*s - 36*s - 6*s**3 + g*s + 4*s. Give b(1).
-7
Let k(l) be the first derivative of -l**3/3 + 5*l**2 - 19*l - 3552. Determine k(8).
-3
Let i(b) = -b + 21. Suppose g + 73 = 6*g + 2*z, -5*g + 69 = z. Let v be i(g). Suppose -3*t + 30 = -v*t. Let f(u) = u**2 + 6*u + 4. Determine f(t).
4
Let k(u) = 5*u**3 + 5*u**2 + 12*u + 7. Let h(x) = -4 + 7 - 3 + 6*x**3 + 5*x**2 + 15*x + 4 + 3. Let l(v) = 6*h(v) - 7*k(v). Determine l(4).
1
Let t = -2/2571 + 299/17140. Let l(i) be the third derivative of 0 - 6*i**2 - 5/24*i**4 + 0*i - t*i**5 + 7/6*i**3. What is l(-7)?
-7
Let q(l) = -2*l**3 + 3*l**2 + 2. Suppose -51*p - 45 = -66*p. Suppose p*w + 36 = 45. What is q(w)?
-25
Let u(s) = -5*s + 38. Let y be -1*95/(-15)*(2/2 + -4). Give u(y).
133
Let d = 4197 + -4201. Let g(z) = -z**3 - 2*z**2 - 3*z - 1. Give g(d).
43
Suppose -7*w - 49 = -168. Let n(z) = -17 - w + 50 + 3*z + 0*z - 13. Calculate n(-2).
-3
Let w(y) = y**2 + 5*y - 2. Let z(l) = -6*l**3 - 3*l**2 - 4*l - 5. Let b be z(4). Let p = b - -450. Determine w(p).
-8
Let m = 1750 + -1745. Let u(q) be the third derivative of -q**4/12 + 5*q**3/3 - 19*q**2. Give u(m).
0
Let i be (-1 - (0 - 0)) + 2. Let z(r) be the third derivative of r**4/6 - r**3/6 + r**2 + 8065*r. Determine z(i).
3
Let i(a) = -a - 10. Suppose 4*u = 3*y - 111, -2*u = 3*u - 15. Let b(s) = -72*s + 310. Let f be b(5). Let o = y + f. What is i(o)?
-1
Let n = -75 + 72. Let i be -4 + (n + 2)*-6. Let q(k) = 4*k - 4 - 2*k - 6*k + k**i. Determine q(4).
-4
Suppose 26*o + 62*o = -528. Let w(u) = 2*u + 10. Let r(j) = -2*j - 10. Let y(n) = -5*r(n) - 6*w(n). Give y(o).
2
Let h(u) be the second derivative of 5*u**3/6 + 81*u**2 + 2*u + 5271. Give h(-32).
2
Let i(j) = -26*j**3 - 2*j**2 - 6*j + 1. Let v(r) = 54*r**3 + 4*r**2 + 13*r - 2. Let c(p) = 13*i(p) + 6*v(p). Give c(-1).
13
Let x(o) be the first derivative of -1/4*o**4 + 5/2*o**2 - 99 + 5/3*o**3 + 0*o. Calculate x(6).
-6
Let u(i) = 2 - 13126*i**2 + 26251*i**2 - 13119*i**2 - 3 - i. Determine u(2).
21
Let d(p) = -p - 8. Let z(c) = -c**3 + 11*c**2 + 11*c - 8. Let n be z(14). Let y = 442 + n. Determine d(y).
-8
Let p(s) = s**2 - 2*s + 4. Suppose -2*z = -5*d + 216, -z - 6*d = -2*d + 108. Let t be (6 - z/(-24))/(6/20). Calculate p(t).
19
Let u = -187 - -179. Let a(p) = -p**3 - 11*p**2 - 22*p + 13. Let z be a(u). Let h(o) = -o**3 - 4*o**2 - 4*o - 1. Give h(z).
2
Let m(z) = -z**2 - 2*z + 1. Let v = -1464 + 1458. Determine m(v).
-23
Let u(s) = 19 - 45 - 5*s + 14*s + 17 + 15. Give u(-1).
-3
Let b(p) = -p**2 - 10*p + 14. Suppose -2*t - 4*n = 38, -t - 3*n = -2*n + 15. Let s be b(t). Let c(y) = y**3 - 2*y**2 - 4*y + 2. Determine c(s).
-1
Let p(m) = m**3 + 11*m**2 - 16*m + 15. Let k(h) = -h**3 - 26*h**2 + 9*h + 222. Let v be k(-26). Give p(v).
63
Let l be -21 - -23 - 3*1. Let x be (3 - (-10)/(-3))*(l - -22). Let n(k) = 0*k**3 + 0*k**2 - 3*k**2 + 7*k + k**3 + 5 + 11*k**2. Determine n(x).
5
Let o(x) = 5 + x - 3 + 0*x. Suppose 0 = 3*v + 2*v + 750. Let h = 146 + v. What is o(h)?
-2
Let d(r) = -9*r - 18. Let a be ((-12)/20)/(6083/275 + -22). Calculate d(a).
27
Let l = -7155 - -7151. Let q(b) = -3*b**3 - 14*b**2 - 5*b + 5. Determine q(l).
-7
Let d be ((-2)/3)/(16/(-216)). Let o(h) be the first derivative of -h**4/4 + 8*h**3/3 + 4*h**2 + 8*h + 3. Calculate o(d).
-1
Let o(j) = 10*j**2 - 4*j - 17. Let n(c) = 3*c**2 - c - 5. Let m(i) = 7*n(i) - 2*o(i). Let y(f) = -2*f - 10. Let b be y(-6). Calculate m(b).
5
Let g(s) = -42*s**2 + 33*s - 8. Let t(k) = 41*k**2 - 27*k + 7. Let m(y) = -5*g(y) - 6*t(y). Calculate m(-1).
-35
Let p(r) be the first derivative of -r**4/4 - 7*r**3/3 + 3*r**2/2 + 9*r - 1. Let f be 350/(-175)*7/2*1. What is p(f)?
-12
Let s(d) = -11*d**2 - 4. Let h(w) = 13*w**2 + 5. Let c(q) = -5*h(q) - 6*s(q). What is c(-3)?
8
Let m = -14 + 12. Let z(y) = 1. Let w(o) = 5*o**2 - 3*o. Let x(h) = m*z(h) + w(h). Give x(-1).
6
Suppose 3*i - 3 + 12 = 0. Let k(q) = 11*q**2 + 4*q + 16. Let s(f) = 2*f**2 + f + 3. Let r(v) = k(v) - 6*s(v). Give r(i).
-5
Let p(n) = 2*n + 10. Let o(r) = -3*r + 46. Let u be o(14). Suppose 0 = u*i - g + 44, -i = i - 5*g + 4. Give p(i).
-14
Let p(o) = o**3 + 10*o**2 + 8*o - 16. Let d = 10302 - 10310. Calculate p(d).
48
Suppose 18*z + 2 = -16. Let k(u) = -u + 3. Let c(h) = -h - 4. Let n(r) = z*c(r) + 2*k(r). Calculate n(5).
5
Let p(k) be the first derivative of 13*k**2 + 3. Let c be (1 - 3)*78/(-156). Calculate p(c).
26
Let j(l) = -l**2 - 16*l + 17. Let t be j(6). Let x be -27*-8*(t/(-120) + -1). Let g(s) = -3*s - 8*s + 8*s**2 + 0*s**3 - 12 + s**3. Determine g(x).
6
Let n(k) be the first derivative of -2/3*k**3 + 1/4*k**4 - 3*k + 6 + k**2. Determine n(3).
12
Let m(w) = 26*w + 21*w + 45*w + 7 - 176*w + 41*w. Calculate m(2).
-79
Let j(m) = 8*m + 4. Let t be j(3). Let y = 28 - t. Let o(i) be the second derivative of i**4/12 + i**2 + 82*i. Calculate o(y).
2
Let s(i) = i**3 + 4*i**2 - 6*i - 7. Suppose -86*c - 28 = -93*c. Suppose -3*y - 2 = -14. Let u be (c + y/(-2))*(-45)/18. Calculate s(u).
-2
Let g(d) = -15*d + 1310. Let z be g(88). Let u(i) = i**3 + 9*i**2 - 10*i + 9. Give u(z).
9
Suppose -65 = 58*q + 51. Let s(y) = -y**3 - 2*y + 2. Let u(b) = b**3 - b**2 + 3*b - 6. Let o(h) = q*s(h) - u(h). Determine o(0).
2
Let y(q) = q + 6. Let z(s) = -2*s - 13. Let w(j) = -9*y(j) - 4*z(j). Suppose 2*r + 237 = -205. Let b = r - -221. What is w(b)?
-2
Let m(f) = 1 - 1 + 157*f - 65*f - 124*f. Determine m(3).
-96
Let w(n) be the second derivative of -n**6/60 + n**5/30 + n**4/12 + n**3/2 + 73*n**2 + n + 10. Let r(m) be the first derivative of w(m). Give r(-2).
23
Suppose 32 + 13 = 5*c. Let n(a) = -7*a**2 + 19*a + 41. Let s(o) = -10*o**2 + 28*o + 60. Let w(t) = 7*n(t) - 5*s(t). Give w(c).
5
Let m(b) = 8*b + 42. Let s = -10259 - -10250. What is m(s)?
-30
Let f(g) = -g + 14. Let z(j) = -j**2 + 8*j + 23. Let r be z(8). Suppose -d = 4*q - 29, 4*q + 42*d - r = 39*d. Calculate f(q).
6
Let v(c) = 2*c**2 + 14*c + 2. Let o(g) = g**3 + g**2 + g - 13. Let q be o(3). Suppose 0 = 21*i - q*i - 35. Calculate v(i).
2
Suppose 15*t - 60 = 30. Let z be 26/6 + t/9. Let v(c) = 5*c - 5. Let x(a) = -a + 1. Let h(d) = v(d) + 4*x(d). Give h(z).
4
Let r(b) = 6*b**2 - 37*b + 19. Let v(i) = i**2 - 7*i + 4. Let y(s) = 2*r(s) - 11*v(s). Let k = -10 + -3. Let h = k - -7. Determine y(h).
12
Let f be (-24)/126*(0 + 18/4)*7. Let k(x) = -x**3 - 3*x**2 - 10*x - 8. Calculate k(f).
160
Let n be -7 + (-2)/(-4)*8. Let b be ((-2)/n)/(2/24). Let v(p) = -b*p + 8*p + 2*p + 13. Give v(-10).
-7
Let d(l) = -3*l + 0 + 6*l + 3 - 2*l. Let n = 52 - 58. Let x be d(n). Let j(m) = m**2 + 7*m + 1. Calculate j(x).
-11
Suppose -12 = -2*h + 4*b, 9*h - 8*h = -4*b. Let v(d) = 14*d - 45. Give v(h).
11
Let h be -1 + (20/5 - 4) - -4. Let a = -5 + 7. Suppose 0*u - h*u = -a*z + 2, -4*u = 5*z - 5. Let s(y) = y**2 - 1. Determine s(u).
-1
Let q(p) be the third derivative of -p**4/24 - 3*p**3/2 + 33*p**2 - 2*p. Let u = -52 - -41. Give q(u).
2
Suppose 2 = -6886*m + 6881*m - 4*l, 8 = -m + 3*l. Let h(u) = 4*u**2 - 1. Let t(x) = 16*x**2 - 5. Let y(j) = -9*h(j) + 2*t(j). Determine y(m).
-17
Let x(m) be the second derivative of -m**3/6 - 2*m**2 - m. Suppose 2*s + 26 = 3*k, 0 = -987*s + 990*s - 5*k + 42. Determine x(s).
0
Let u(z) = 2*z**3 + 9*z**2 - 20*z - 6. Let w(r) = -r**2 - 150*r - 2142. Let p be w(-134). Calculate u(p).
6
Let w(o) = 5*o + 3. Suppose -155*m - 6 = -152*m. Let k be (-2 + 1 - -5)*m/4. Determine w(k).
-7
Suppose 2*l = -l + f + 92, -f - 60 = -2*l. Let d(h) = l*h**2 + 3 - 1 - 13*h**2 - 8*h - 20*h**2. Determine d(-9).
-7
Let m(b) = -8*b + 6. Let k = -12901 - -12897. What is m(k)?
38
Let q(t) = -2*t**2 - 9*t - 2